 z.
3
Let l = 70 + -69. Calculate the greatest common divisor of 5 and l.
1
Suppose o - 8 = 32. Suppose 0 = -7*s + 2*s. Suppose -k + 4*j + s*j - 11 = 0, -3*j + 22 = 2*k. What is the greatest common factor of o and k?
5
Let j(a) = 9*a**2 - a + 4. Let k be j(-3). Let g = -8 - 2. Let v = g - -18. Calculate the highest common divisor of v and k.
8
Suppose 4*y + 4*r - 6 - 2 = 0, y - 2*r - 2 = 0. Calculate the highest common factor of 5 and y.
1
Let s be 3 + 1 - (2 + -2). Let a be 8*((-20)/(-16) + -1). Calculate the greatest common factor of s and a.
2
Suppose -h + 3*w - 1 = 0, 3*h + 3*w = 6*w + 15. Let u be h/(-5)*(-1 - 4). Let o = 6 + -4. Calculate the highest common factor of u and o.
2
Suppose -3*f = -3*j + 15, -2*j = -f + 5*f - 10. Let a = -34 + 49. What is the greatest common factor of a and j?
5
Let m = -8 + 15. Let g be (-31)/(-1) + -9 + 6. What is the greatest common divisor of g and m?
7
Suppose 2*c - 6 = -0. Let a = 66 + -39. Calculate the highest common divisor of a and c.
3
Suppose -5*c + 2*g + 40 = -2*g, -c + 14 = -2*g. Suppose k + 2*d = 0, -d - 2*d - 6 = 0. What is the highest common factor of k and c?
4
Let p(q) = -3*q - 6. Let u be p(-4). Suppose -4*f + 2*f + v = -59, 5*v + 85 = 3*f. What is the greatest common factor of f and u?
6
Suppose -13 = 8*h - 221. What is the greatest common divisor of h and 52?
26
Let a(j) = -3*j**3 - 4*j**2 - 3*j - 2. Suppose 5*p + 2*l + 18 = 0, -2*l = -p + 3*l + 18. Let d be a(p). What is the greatest common divisor of d and 60?
12
Let m be (-3 + 14/4)*62. Let b be 31*1*(-10 + 12). What is the greatest common divisor of m and b?
31
Let k(o) = o**3 + 5*o**2 + 4*o - 1. Let h be k(-3). Suppose h*g + 7 = -3. Let b be 80/25*(-5)/g. What is the greatest common divisor of 16 and b?
8
Let h(q) = -q**2 + 6*q + 21. Let l be h(7). Calculate the highest common factor of l and 14.
14
Let b be 2*(-3)/(-6) - -37. Let u be 1 - (b/(-2) + 3). Calculate the greatest common factor of u and 119.
17
Let n be (-24)/18 - (-4)/(-6). Let f be 0/2 - (-4 + n). Let q = -85 - -133. What is the greatest common divisor of f and q?
6
Suppose 0 = 8*t - 4*t - 40. What is the highest common factor of 25 and t?
5
Suppose -4*x - 11 = 21. Let l = 40 + x. What is the highest common factor of 4 and l?
4
Let a be (-1)/((3/(-15))/(0 - -15)). Calculate the highest common divisor of 15 and a.
15
Suppose 5*z - 115 = -3*r, -2*r = -2*z + 25 + 5. Calculate the greatest common divisor of z and 80.
20
Suppose -34 = 17*i - 374. Let h be 2/((3/(-40))/(-3)). What is the highest common factor of i and h?
20
Let f = -8 - -12. Suppose -3*c - 34 = -f*d + 14, 3*d - 15 = -3*c. Let i be (0 + d)*1/3. Calculate the highest common factor of i and 6.
3
Let v be 5 - (-4 + 2)*1. Let l be 3/1*(-2)/(-3). Let k be l/4 + 2/4. What is the highest common factor of k and v?
1
Let r = 36 - 20. Calculate the greatest common factor of 128 and r.
16
Suppose -5*m = -3*r + 80, -r - 7*m + 2*m = 0. Let i = r - 14. What is the greatest common factor of i and 9?
3
Let c(u) = -1 + 2 + 14*u + 15*u**2 - 2*u**3 + 3*u**3. Let x be c(-14). Calculate the greatest common divisor of x and 7.
1
Suppose 2*o - 4*o + 8 = 0. Suppose o*q = -5*m + 40, 3*m - 6 = 6. Suppose -q*l + l = -c - 165, -l + 27 = -5*c. What is the greatest common divisor of 7 and l?
7
Let k(g) = g**3 - 4*g**2 + 5*g. Let u be k(5). What is the greatest common factor of 75 and u?
25
Let g(z) = -z**2 - 10*z - 12. Let d be g(-8). Calculate the highest common divisor of d and 28.
4
Let n = 416 + -277. Suppose -a + 6 + 77 = 0. Let q = n - a. Calculate the greatest common factor of 7 and q.
7
Suppose 5*n + 79 + 81 = 5*h, -4*h = 4*n - 104. Suppose 4*t = 7*t - 261. Calculate the greatest common factor of h and t.
29
Suppose 4*d = -3*v + 426, v + 9 = -2*d + 223. Let b = -70 + d. Let r = b - 20. What is the highest common factor of 90 and r?
18
Let l = -45 + 89. What is the greatest common factor of 22 and l?
22
Suppose 3*f - 27 = -2*t - t, -2*f = -5*t + 17. Suppose 40 = 4*i - 4*q, -i + t*i - q = 28. What is the highest common divisor of 4 and i?
2
Let b(g) = g**3 + g**2 - 4*g + 1. Let z be b(3). Suppose -z - 35 = -5*w. What is the greatest common divisor of w and 108?
12
Let s(p) = -2*p**2 - 12*p - 10. Let n be s(-4). Calculate the highest common divisor of n and 18.
6
Let o be (2 - 0) + 0 + -8. Let k(r) = -15*r - 6. Let v be k(o). Let l(q) = 16*q**3 - 4*q**2 + 2*q. Let d be l(1). What is the highest common factor of v and d?
14
Let x be (-84)/(-12) + 0/(-2). What is the highest common divisor of 35 and x?
7
Let t(n) = 2*n**2 + n - 1. Let s be t(3). Suppose 0 = 5*j + 5*p - 1115, -3*j + 3*p = -2*p - 645. Calculate the greatest common factor of j and s.
20
Let g be (6 + 0)/((-5)/(315/(-9))). Calculate the greatest common divisor of g and 56.
14
Suppose 2*z - z = -5*k + 199, -2*k + 78 = 2*z. Calculate the greatest common divisor of k and 20.
20
Suppose -2*x - 3*x + 25 = 0. Suppose -x*v = -114 + 4. What is the highest common divisor of v and 2?
2
Let x(f) = f**2 + 5*f. Let y be x(-7). Suppose -4*l = -2*l. Suppose l = 5*g - 4*c - 754, 170 = g - 0*g + 4*c. Calculate the greatest common divisor of g and y.
14
Let t(k) be the third derivative of k**5/60 + 5*k**3/6 - 2*k**2. Let w be t(-5). Suppose -7 = 5*q - 107. What is the highest common factor of w and q?
10
Suppose 3*d - 5 + 18 = k, 4*d + 8 = -k. Suppose -k*y + 2 = -94. Calculate the highest common divisor of 3 and y.
3
Let b(t) = -18*t - 12. Let h be b(-2). What is the greatest common factor of h and 72?
24
Let q be (-261)/(-21) - (-6)/(-14). Calculate the greatest common divisor of 8 and q.
4
Suppose h = -2*d - 67, 2*d - 3 + 1 = 0. Let o = h - -6. Let j = -45 - o. Calculate the highest common factor of j and 6.
6
Let s be 18 + -8 + 6/(-2). Calculate the greatest common factor of 1 and s.
1
Let r = 7 + -5. Let d = r - -1. What is the highest common factor of 12 and d?
3
Let y be 7*((1 - -1) + 1). What is the greatest common factor of 14 and y?
7
Suppose -2 = -114*k + 113*k. What is the highest common factor of 2 and k?
2
Suppose -2*c - 79 = -5*c - y, -4*c + 5*y + 99 = 0. Suppose 0 = -x + 3*v + 2*v + 23, -3*x - 3*v + 33 = 0. Calculate the highest common factor of x and c.
13
Suppose -441 = -4*k + 63. Calculate the highest common divisor of k and 14.
14
Let g = -15 + 51. Calculate the greatest common factor of g and 45.
9
Suppose -2*w = 26 - 66. Let d = 0 - -8. Calculate the highest common divisor of d and w.
4
Let m = 5 + -4. Let j be 17 - -6 - m*-3. Calculate the highest common divisor of j and 39.
13
Let l(m) = m**2 + 3*m + 6. Let i be l(-4). Let q be (-2)/7 + (-1264)/(-14). What is the highest common divisor of i and q?
10
Let c(r) be the third derivative of -r**4/2 + 2*r**2. Let u be c(-2). Calculate the highest common factor of 8 and u.
8
Suppose -2*c + 5*c = -15. Let f(t) = -24*t - 3. Let p be f(c). What is the greatest common factor of 13 and p?
13
Let r be ((-9)/(-4))/(1/4). Calculate the greatest common factor of 36 and r.
9
Let a(k) = 16*k. Let u be a(3). Let r(g) = -6*g - 6. Let j be r(-6). Let c be ((-6)/(-5))/(3/j). What is the greatest common divisor of u and c?
12
Let x(w) = -w. Let u be x(-4). Suppose -2*l = -2*i, 0 = -5*l + u*l + 4. What is the greatest common divisor of 20 and i?
4
Let d(f) = 11*f + 8. Let t be d(-7). Let a = t + 129. Suppose 3*y - 6*y = -a. What is the highest common divisor of 20 and y?
20
Let b(o) = -o + 5. Let v be b(-4). Let q = 414 + -288. Suppose -2*s + 4*s = q. Calculate the highest common divisor of v and s.
9
Let i be (-1)/(258/130 - 2). Let l = 115 - i. Let m = 12 + -2. Calculate the highest common divisor of l and m.
10
Suppose 4*p = -4*l + 36, 3*p - l = -3 + 10. Let i be 2/7 + (-247)/7. Let z = i - -63. Calculate the highest common factor of z and p.
4
Let d be (-21)/(-6) - (-2)/4. Suppose 5 = 2*p - 7. Suppose -3*a + 2*t = -0*t + 1, -2*a - p = -4*t. What is the highest common divisor of a and d?
1
Let s be (-3 + (-18)/(-5))*5. Let y be (1/s)/(1/231). Suppose 2*c = -6 + 20. What is the highest common factor of c and y?
7
Suppose 0 = 19*t - 20*t + 42. Let m = -23 + 51. What is the greatest common factor of m and t?
14
Let x(z) be the third derivative of z**5/60 + z**4/12 + z**3/6 - 3*z**2. Let n be x(-3). Calculate the highest common divisor o